?
3
(20 - 27) + 14 - (-2 - -26)
-17
38 + -87 + -16 + 18
-47
Evaluate 14 - ((-26 - -2) + (-2 - -22)) - 13.
5
Evaluate 28 - (-132 + 95 - 72).
137
What is 8 + -42 - 11 - -38 - (-13 - (1 + -2))?
5
What is -147 - ((-36 - -28 - 0) + -11)?
-128
What is 1 + (16 - (5 + 21)) - -67 - -20?
78
11 + -22 + 32 + -32 + 15
4
Calculate (-23 + 37 + -45 - -54) + 1 + 7.
31
-5 - (36 - (0 + 6 + 11))
-24
Evaluate -66 - (-8 - (-35 + 24 - (1 - (3 + 1)))).
-66
Calculate -32 + (-41 + 59 - -32).
18
Calculate -112 + -10 + 15 + (11 - 6 - -2 - 2).
-102
Evaluate -1 + -8 - ((-42 - -32 - -23) + -20).
-2
What is 63 - (31 - (-44 - -29))?
17
Calculate -26 - -105 - (-17 + 16) - (-6 - (3 + -5)).
84
Evaluate -86 - (22 + -1) - (-20 - (-2 - 0)).
-89
What is the value of 2 + 71 - ((-2 - -1) + (12 - 10))?
72
Calculate -2 + 23 + (42 - 73 - -44).
34
What is (2 - 12 - -5 - 6) + 4 + -134 + 54?
-87
What is the value of (13 - 25) + (15 - 0) + 2 + -1 - -8?
12
Calculate -2594 - -2516 - (-2 + -38).
-38
What is -10169 + 10184 - ((3 - 3) + -104)?
119
(53 + 14 - 72) + (-8 - 2) + 119
104
What is 484 + -870 + 407 - (0 - (6 + 1))?
28
(-51 + 5 - -10) + -953 + 881
-108
Evaluate -22 + -1 + (3329 - 3259).
47
Evaluate 226 + -105 + -147 - (0 + -2 - 9).
-15
-54 - (27 - (-11 - -71)) - -97
76
Evaluate (-1660 - -1587) + 57 + 1.
-15
-4 - ((3 - (-1 - -1)) + 345 + -272 - -12)
-92
Calculate (-11 - -2) + (22 + 8 + -21 + 3 - 19).
-16
Calculate (53 + -46 - (1 + -16)) + 96 + 2.
120
What is 2 - -38 - (1066 - 1023)?
-3
What is the value of (-10 - -20) + 18 + -86 + 46 + -57 + -1?
-70
What is the value of (-1 - 48) + (-93 - -153) - 2?
9
Calculate -3 + 13 + 4 + -43 + 69.
40
What is 153 + -129 + (-17 - 6)?
1
Evaluate -16 - -2 - (3 + -138 + 19 + -40 - -9).
133
What is the value of (-3 - (9 - 67 - -9)) + -10?
36
Evaluate -192 + (87 - -2) + 14.
-89
What is -305 + 321 + 0 + -57?
-41
What is 0 + 7 + (13 - (29 - (59 + -4)))?
46
3 + (-8 - -5) + 4 - ((-65 - -52) + -80)
97
What is -6 - (4 - (9 + -2 - -5) - (0 + -37))?
-35
Calculate -52 - (-3 + 10) - -29.
-30
(-36 - 1) + 18 + (5 - (1 - 10) - 29)
-34
(18 - 24) + -14 + -36
-56
What is the value of -40 + 30 + (-50 - 0) + 80?
20
What is the value of 66 + -14 + -69 + -39?
-56
Calculate 0 + 10 + ((-6 - 1) + 8 - 61 - 0).
-50
Evaluate 28 + 0 + (14 + -6 + 0 - (15 + -6)).
27
0 - ((15 - 26) + -1 - -54) - -9
-33
Evaluate 37 + -76 - -84 - (-4 + 13 + -1).
37
Evaluate 7 - (6 - (11 + (-7 - (4 - -13)))).
-12
What is 33 + -39 + -88 + (18 - 9) - -6?
-79
What is the value of (206 - 58) + -118 - (96 - -1)?
-67
Calculate 0 + (0 - (3 + 1)) + 41 + -141 + 125.
21
Evaluate (4 - 1) + (6 - (18 - -2)) + -120 + 56.
-75
What is (-4 - 1) + (-11 - (-8 - 2)) + 48?
42
What is the value of -45 + -82 - -268 - 13?
128
Evaluate -1680 + 1679 + 0 + 44.
43
Evaluate 150 - (131 - (-82 + 180)).
117
Evaluate 78 - -11 - 101 - (44 - (1 - 2)).
-57
(-6 - 0) + 489 + -536 - -20
-33
Calculate -1 + 6 + 3 + (-9 - -27) + 46 + -2.
70
Calculate (-3 - 37) + (1837 - 1788).
9
Evaluate 125 - -2 - (70 + -6).
63
1 - (-33 + 15 + -14 + -8)
41
What is the value of 1776 + -1677 + (-1 - -9) - 0?
107
What is the value of -127 + 76 - 38 - -60?
-29
What is the value of -6264 - -6315 - (132 + 1)?
-82
What is 11 + 15 - 14 - 22 - 23?
-33
11 + (-3 - -5 - -6) + (-6 - -15)
28
What is -158 + 166 + -33 + 0 + -34?
-59
What is -16 + (52 - 66 - -88)?
58
Evaluate -47 + (1 - -5 - (24 + -12) - (-1 - 0)).
-52
-5 + -1 + (1 + -8 - (9 + -47 - -32))
-7
What is the value of 192 + -138 + -5 + 6 + 2 + 0?
57
Calculate (-46 + 258 - 227) + (-1 - 108 - 1).
-125
What is the value of -28 - (((-7 - -7) + (-13 - -13) - -13) + -7)?
-34
Calculate -13 + (-10 - (-34 - (-3 - 5))) - -11 - -24.
38
-130 - (5 + (-1 - 12)) - (-93 + 72)
-101
Calculate -19 - (-4 - 6) - (2 + (0 - -20)).
-31
Calculate 101 + -13 + (2 - 3 - -5) - (16 + -14).
90
Calculate 48 + -30 + -1 + -62.
-45
Evaluate 1140 - 1082 - (-6 - -32).
32
Evaluate 63 - ((49 - 5) + 3).
16
What is 27 + 42 + -90 + 29?
8
What is -11 + 4 + -6 - (143 + -159)?
3
What is the value of 136 - (13 - 16 - (50 - 69))?
120
-10 - 7 - (14 + -1 - -1 - 8)
-23
What is the value of 159 - (23 + -18 + 11) - 45?
98
Evaluate 42 + 11 + -210 - -91.
-66
Evaluate (15 - (-51 + (-3 - -31) + 89)) + 7 + 0.
-44
(-71 - -102 - (36 - -2)) + 71
64
What is the value of (-101 - 30) + 133 - 132?
-130
Evaluate 162 + (-174 - -46) - -115.
149
Evaluate -66 - -89 - -22 - (-1 - -4).
42
Evaluate 6 + (0 - 3) - (2 - (-5 - -8)).
4
What is the value of (5 + -8 - 58) + -13 + 9 + -3 - 11?
-79
69 - 67 - (2 + 3) - ((1 - 1) + 81)
-84
What is the value of 1 + -13 + 3 + 11 + 0 + 12 + -18?
-4
Calculate 6 - (0 - 41 - (833 + -870)).
10
What is the value of 29 + -33 - (24 + (-55 + 56 - (0 + 5)))?
-24
-88 + 157 + 6 + -117
-42
-119 + (3656 - 3692 - (1 + -17))
-139
Calculate (0 - -5) + -10 + 12 + -9 + 30 + -18.
10
Evaluate 6 - (-29 - 1 - (-334 - -321)).
23
Calculate -138 - (-172 + 119) - -65.
-20
What is the value of -53 - (-42 - (-26 - -40))?
3
What is the value of (43 - ((26 - 14) + 11)) + -50?
-30
What is the value of 41 + -38 + 29 - 36?
-4
4 + (-10 - -4) + 18 + 39 + 16
71
Evaluate (-99 - -103 - 117) + 42.
-71
Evaluate (-24 + 9 - (-3 - (6 + -13))) + 1.
-18
Evaluate (-3 - 2 - -12) + 1 + -22 + 15.
1
Calculate (98 - 123) + -4 + 38 + -24 + 0.
-15
Evaluate -5 - (-6 - (0 - 6) - (-11 + 7 - -3)).
-6
What is the value of -80 - (-70 - -116) - -137?
11
1 + 25 + (-1 - 1) + -6
18
-35 + 23 + (3 - -6 - 36) + 11
-28
Calculate -4 + (7 + -5 - (2 - -3 - (-9 - 5))).
-21
-9 - (9 + (0 - -55 - (-2 + (21 - 13))))
-67
-29 + (44 - 86) + 30
-41
What is -10 - (55 - -1 - (-344 - -342))?
-68
What is the value of (34 - (-13 + 71)) + -36?
-60
Evaluate -19 - ((48 - 45) + (1 - 14)) - -16.
7
Evaluate -18 + -3 + (6 - -59) - (1 + (0 - 9)).
52
What is -43 + (-29 - -95 - 31)?
-8
Evaluate 21 - (14 - (2 + 1 + 0)) - (76 + -6).
-60
What is the value of (10 - (20 - 16) - -4) + -6?
4
17 + (-14 - -33) - 20 - -31
47
What is the value of (3 - (7 - (-11 - -2))) + -33 + 24?
-22
(112 - (14 + -20)) + -58
60
(-13 + 0 - (-24 - -23)) + 3 - -3
-6
What is (-37 - -18) + (38 - (-11 - -6))?
24
What is the value of -479 + 439 + 0 + -7 + 1?
-46
What is -37 - 1 - (224 - (289 - 112))?
-85
What is the value of (-155 - -54 - -53) + -15?
-63
What is the value of -6 + -9 + 7 + 4 + -44?
-48
Calculate (-1 - -3) + -4 - (-3 + (-15 - -12 - -13)).
-9
Calculate 0 - (-8 - (0 - (-19 + 37))).
-10
Calculate 2 - -6 - (-128 - -139) - 27.
-30
Evaluate 30 - (-16 - (-1 + -10 - (21 + 18 + -41))).
37
Evaluate (-16 - -14 - 14) + (0 - 8).
-24
-91 + -4 + -3 + -9 + 19 - -15
-73
-320 + 290 + ((-6 - -1) + 20 - 4)
-19
Calculate -2 + 41 - (4 + (10 - 18 - -1)).
42
(-22 - (-9 + -9 + -34)) + -91
-61
Calculate 26 + -70 + 29 + 16.
1
Calculate -1 + 8 + (37 - 8) + 2.
38
What is (-8 - 11 - -9) + 17 + (46 - 6)?
47
What is the value of (0 - 4 - (-232 + 235)) + -19?
-26
(-44 - (-29 - 58)) + -7
36
What is the value of 78 - (25 - -68) - -9?
-6
What is the value of -27 - (-3 + 7 + -17) - (4 + -66)?
48
What is (-1 - -34) + -49 - -11?
-5
What is 4 + 0 + (156 - (-13 + -25 + 105))?
93
Evaluate 24 + 64 + 44 + -25 + -16.
91
Calculate -8 - ((-3 - (-3 + 10)) + 70 + -8).
-60
What is -36 + 75 + 6 + -20 + -27?
-2
(30 - (-11 + 11)) + -21 + (-3 - -24)
30
What is -3 + 34 - (105 - 96) - 107?
-85
Calculate -22 - -117 - 34 - 70.
-9
Evaluate 7 - (0 - -4) - (91 + -24 - (9 + -2)).
-57
Calculate 48 + 63 + -53 + 24.
82
Evaluate 17 + -2 - (-17 + (5 + 1 - -45)).
-19
What is the value of (106 - 48) + (53 - (25 - 10))?
96
Evaluate (-56 - -109) + (38 - 152).
-61
What is 2 - 19 - (45 - 18) - (-1 - -5)?
-48
Evaluate 4 + -2 + -49 + (95 - 47).
1
Calculate 13 - (-4 + (19 - 64) + -6 + 1).
67
Evaluate -36 + -25 + -73 + 99.
-35
What is 34 + 7 + -27 - (18 + -4)?
0
Calculate 0 + 7 - (-3 - -58 - (-198 + 230)).
-16
What is the value of 12 + -8 + 36 + -36 + -17 + 0?
-13
What is the value of -23 - (-7 + 9 + -26 + -6)?
7
What is (-17 - (-21 - -2)) + -25 - 37?
-60
83 - 83 - (26 - -1)
-27
What is the value of 35 + -8 + -5 - (-5 - -8 - -3)?
16
(44 - (-52 - -99) - (-2 + 2 + 73)) + -4
-80
What is the value of (-109 - -99 - (-2 + -11) - -30) + -1?
32
What is the value of (-1 + -24 - (1 + 0)) + (-29 + 53 - 20)?
-22
What is (24 - 49) + -19 - -31?
-13
What is (200 + -120 - 106) + (1 - 61)?
-86
Evaluate (-1 - 7) + 12 + 2 + (20 - 18) + -5.
3
What is the va